= x - -8. What is the units digit of r?
2
Let a(b) = 3*b**2 + 1 + 5*b**2 + 0*b**2 + 4*b - 9*b**2. Let d be a(2). Let j(u) = -u**3 + 7*u**2 - 6*u - 4. What is the units digit of j(d)?
6
Let m(n) = -n**3 - 10*n**2 - 8. Let u be m(-10). Let o(y) = -10*y + 12. What is the tens digit of o(u)?
9
What is the hundreds digit of ((-9)/(180/136))/(2/(-860))?
9
Let g(y) = y**2 - 117. What is the tens digit of g(16)?
3
Suppose 0 = -5*r - 20, -388 = -4*o + 6*r - r. Suppose -3*n + 5*n + o = 0. Let k = -17 - n. What is the units digit of k?
9
Suppose 5 = 2*o + 1. What is the tens digit of 15 + (2*o)/(24/12)?
1
Suppose -5*v + 2*v = 4*n - 44, -4*n = 2*v - 36. Let q = 2 + v. What is the units digit of 15/(-6)*(-196)/q?
9
Suppose 10820 = 2*p - 4*k, -130*p - 3*k - 21650 = -134*p. What is the tens digit of p?
1
Let c(l) = -l**2 - 6*l + 5. What is the units digit of c(-5)?
0
Let f = -1137 - -2484. What is the thousands digit of f?
1
Suppose 10*r = 12*r - 22. Let z(b) = 3*b + 15. What is the tens digit of z(r)?
4
Let k(i) = 10*i**2 - 12 + i**2 - 23 + 50 - i**3 - 5*i. What is the hundreds digit of k(8)?
1
Let d(i) = i**3 + i - 2. Let g be d(0). Let h be (-28)/(-8) - (-3)/g. Suppose n + 20 = h*n. What is the units digit of n?
0
Let z(p) = -p + 7. Let h = -9 + 13. Let a be z(h). Suppose -a*s + 4*s = 21. What is the tens digit of s?
2
What is the hundreds digit of 243 + -3 - (2 - 6)?
2
Let q(h) = 2*h - 1. Let i be q(3). Suppose i*d - 3*o + 8 = -0*o, d + 16 = -3*o. What is the units digit of d*(-14)/4 - 0?
4
Suppose -18 - 24 = 2*m. Let b = m - -13. What is the units digit of b/(0 + -4) + 36?
8
Let u(q) = q**2 - 7*q - 7. Let c be u(6). Let z = -7 - c. What is the units digit of (-130)/(-4) + z/12?
3
Let k = -25 + 29. Let i(o) be the second derivative of o**4/3 - 2*o**3/3 + 4*o**2 - o. What is the tens digit of i(k)?
5
What is the hundreds digit of 15832/13 - 16/(-104)?
2
Suppose 3485 = 5*n + f - 6369, -4*n + 4*f + 7888 = 0. What is the units digit of n?
1
Suppose -a - 203 = -z + 308, -2*z - 2*a + 1030 = 0. What is the units digit of z?
3
Let o(j) = -j**2 + 10*j - 18. Let h be o(12). Let b be ((-1)/(-1))/(2/(-256)*-8). Let p = b - h. What is the units digit of p?
8
Let j be (-2)/3 - 1/3. What is the tens digit of j/((-1)/1)*(-4845)/(-51)?
9
Let t = -17 - -7. What is the tens digit of (-404)/t - (-18)/(-45)?
4
Suppose 65*l - 2176 = 48*l. What is the hundreds digit of l?
1
Let s be 1*15/5 - -2. Suppose 5*l - 1065 = 5*g, 5*l - s*g = 6*l - 201. What is the hundreds digit of l?
2
Suppose -12*z + 15855 = -32229. What is the hundreds digit of z?
0
Let n(h) = -548*h + 142. What is the thousands digit of n(-4)?
2
Suppose -2*y + a = 3, -y - 3*y - 10 = 2*a. What is the tens digit of (y/3)/(-4*(-3)/(-1638))?
9
Let f = 814 - -599. What is the thousands digit of f?
1
Suppose -17760 = -80*v + 70*v. What is the tens digit of v?
7
Let p(a) = 12*a**2 - 31*a + 47. What is the hundreds digit of p(-12)?
1
Suppose 9 = i + 6. Suppose -i*g = 2*p - 67, -2*p + 14 = -4*g - 60. What is the tens digit of p?
3
Let p(m) = 3*m**2 + 5*m + 3. Let n be p(4). Let f = -39 + n. Let w = f - 9. What is the tens digit of w?
2
Let d(v) = 5*v**2 - 5*v. Let q be d(5). Suppose 0 = 4*j - 9*j + 4*w + q, -5*w = 0. What is the units digit of j?
0
Let d(k) = -2*k + 10. Let q be d(5). Suppose 8*u - 46 - 1530 = q. What is the units digit of u?
7
Let x(n) be the third derivative of n**4/24 - 2*n**3/3 + n**2. Let c be x(4). Suppose 0*k - 2*k + 22 = c. What is the tens digit of k?
1
Let j = 53 - 38. Suppose -j = -2*h - 1. What is the units digit of h?
7
Let u = -260 - -379. Suppose -85 = -6*n + u. What is the tens digit of n?
3
Let b be (-1)/3 - 11/(-33). Let j(r) = r**3 - 2*r + 38. What is the units digit of j(b)?
8
Let x = 16 - 9. Suppose x*o - 8*o + 42 = 0. What is the units digit of o?
2
Let b(t) = 5*t**2 + 3*t + 3. Let u be b(-2). Let j = -8 + u. What is the units digit of 3/j + 29/3?
0
Let b(n) = -13*n**3 + 3*n**2 + 4*n + 3. Let s be b(-2). Suppose s - 526 = -5*c. Let k = c + -50. What is the units digit of k?
3
Let g(m) = 5*m**2 - 4*m + 10. What is the hundreds digit of g(-16)?
3
Suppose 3*l - 61 = -127. What is the units digit of ((-114)/l - 5) + (-4977)/(-33)?
1
Let w be -5*(-6 - -124) - (-1)/(-1). What is the units digit of (-2)/((-1176)/w + -2)?
7
Let s be (-10)/(-65) + ((-1182)/(-26))/(-3). What is the hundreds digit of (s/3 - -1) + 125?
1
Let s be (-13)/((-1)/(-2) + -1). Let h be 9234/s + (-18)/117. Suppose -n - 4*n + h = 0. What is the units digit of n?
1
Let x(q) = -q**3 - 5*q**2 + 15*q + 11. What is the tens digit of x(-11)?
7
Let m = 11 - 13. What is the units digit of (14/(-1))/(m/7)?
9
Suppose -597 = 3*u - 7*u + 5*q, -3*u + 444 = -5*q. What is the hundreds digit of u?
1
What is the tens digit of 1028*(2 + (-7)/4)?
5
Let s be 114/(-20)*(-10)/12*52. Let h = s + -122. What is the hundreds digit of h?
1
Suppose a - 5*n = 32, 27 = 2*a - a - 4*n. Suppose -6*j = -a*j. Suppose j = b + 3*u + 8, -5*b + 6 = 2*u - 6. What is the units digit of b?
4
Suppose -370*d = -362*d - 6312. What is the hundreds digit of d?
7
Let m(n) = 3*n**2 + 14*n + 41. What is the units digit of m(-13)?
6
Let f(t) = -10*t - 28. Let g be f(-3). Suppose v - 6*m = -g*m + 149, 0 = -2*v - 2*m + 308. What is the hundreds digit of v?
1
Let g be (9/18)/(2/28). Suppose 0 = -0*t - g*t + 959. What is the units digit of t?
7
Suppose -2*c = 3*o + 29, 83 = -9*c + 4*c + 3*o. What is the tens digit of (-24)/c*110/3?
5
Let i(h) = -h**3 + 9*h**2 - 8*h. Let b be i(8). What is the tens digit of ((-486)/4)/(b + (-6)/16)?
2
Let b(i) = i**2 - 48*i + 99. What is the tens digit of b(56)?
4
Let q(h) = -h + 8. Let d be 3*1*7/3. Let r be q(d). Suppose -r = f - 11. What is the units digit of f?
0
Let r be 7/7*(355 + 0). Suppose -a + r = 2*a + 4*v, 2*a - 206 = 5*v. What is the tens digit of a?
1
Let i(n) = -23*n**3 + 5*n**2 + 2*n + 6. Let c(o) = -o**3 - o**2 - 1. Let h(p) = -6*c(p) - i(p). What is the units digit of h(1)?
8
Let z(y) = -25*y - 16. Let q be z(-7). Suppose 7*t - 275 = q. What is the units digit of t?
2
Suppose 5*b + 3*n = 1935, 4*b - 789 = -3*n + 762. Suppose -3*c + b = 5*y, -2*c - y + 2*y = -256. What is the hundreds digit of c?
1
What is the units digit of -6*(-45)/(-50)*-145?
3
Suppose -3*t - 74 + 11 = 0. Let h = 11 + t. Let n = -5 - h. What is the units digit of n?
5
Let j be 5 - (-1 + 1) - 4. Suppose 0 = -2*y - 3*v - j, -y = 5*v + 11. What is the tens digit of y/(((-8)/76)/(-1))?
3
Suppose r = 3*h + 2*r - 58, h = 4*r + 41. Suppose 0 = -2*y + h - 5. What is the units digit of y?
8
Suppose 3*q - 3*y + 3 = 7*q, -q - 6 = 3*y. Let f be 2 - (q - 4) - -2. Suppose 4*w - 20 - 57 = -f*o, 4*o + w = 66. What is the tens digit of o?
1
What is the thousands digit of 1545 - (-14)/((-154)/33)?
1
Let x(h) = h**3 + 10*h**2 + 3. Let u be x(-10). Let m(v) = 9*v + 1. What is the units digit of m(u)?
8
Let j(c) = 3*c + 21. Let z be 2*-2 - (-11 - -13). Let g be j(z). Let o(q) = 5*q**2 - 4*q. What is the tens digit of o(g)?
3
Let a = -86 + 1103. What is the hundreds digit of a?
0
Let v(b) = 52*b - 33. Let h be v(-5). Let a = h - -543. What is the tens digit of a?
5
Suppose 56*x = 63*x - 1176. What is the tens digit of x?
6
Let u(p) = p**2 + 4*p. Let c be u(-2). Let z = 16 + -42. Let x = c - z. What is the units digit of x?
2
Let z(q) = 2*q**3 + 101*q**2 - 88*q + 39. What is the thousands digit of z(-51)?
1
Let r(f) = -43 + 18 + 3*f + 22. Let k be r(1). Suppose k = 2*m - 24 - 14. What is the tens digit of m?
1
Let f = -36 - -27. Let t = 67 - f. Suppose 0 = -2*l + t + 22. What is the units digit of l?
9
Let m be 10/(-6)*12/(-10). Suppose -8 + 22 = m*v. What is the units digit of v?
7
Suppose 3*y - 102 = -9. Let n be (-9)/(1 + 0 - 0). Let m = n + y. What is the tens digit of m?
2
Suppose -4*z = 2*x - 2362 + 670, 4*z = 2*x - 1732. What is the units digit of x?
6
Suppose 4*y + 9*w = 14*w + 6095, -y + 1520 = -5*w. What is the units digit of y?
5
Let n = -1255 + 2478. What is the tens digit of n?
2
Suppose 8*v = 13*v - 1905. Suppose -4*r + 43 = -v. What is the hundreds digit of r?
1
Let z(c) = 5*c - 60. Let x be (3/3)/(3/33). Let g(p) = -9*p + 120. Let h(q) = x*z(q) + 6*g(q). What is the units digit of h(0)?
0
Suppose -4*k - 5*c = -300, -5*k + 0*k + 2*c = -408. Let y(j) = 12*j - 3.